60)?
0
Let p(v) = 479*v + 55998. Calculate p(-117).
-45
Let m(t) = 2060*t + 2950. Give m(-2).
-1170
Let o(t) = 21*t**2 + 444*t + 54. Determine o(-7).
-2025
Let z(w) = 3079*w - 61580. Determine z(20).
0
Let w(f) = 543*f - 30061. Determine w(55).
-196
Let l(u) = 11*u**2 + 4095*u - 123292. What is l(28)?
-8
Let z(a) = 7*a**3 - 59*a**2 - 195*a - 126. Calculate z(-2).
-28
Let q(p) = 2*p**3 + 45*p**2 - 266*p + 69. Calculate q(10).
3909
Let u(b) = -5635*b - 269623. Determine u(-48).
857
Let o(f) = 11*f**2 - 190*f - 1510. Give o(-5).
-285
Let a(l) = 14576*l - 2390474. Calculate a(164).
-10
Let v(j) = 183179*j - 21615122. What is v(118)?
0
Let y(o) = 3190*o - 70296. What is y(22)?
-116
Let n(a) = -1217*a - 28828. Calculate n(-23).
-837
Let y(h) = -17*h - 1389. Calculate y(-81).
-12
Let f(g) = g**2 + 84*g + 3688. Determine f(-47).
1949
Let a(q) = 7*q**2 + 242*q - 642. Calculate a(-37).
-13
Let g(h) = 24*h**2 - 2458*h + 12280. Calculate g(5).
590
Let a(z) = -27618*z - 27045. Determine a(-1).
573
Let z(y) = -y**3 + 205*y**2 - 5496*y + 1126678. Determine z(205).
-2
Let w(f) = 7*f**2 + 15243*f - 61077. Determine w(4).
7
Let l(v) = 21664*v + 736579. Give l(-34).
3
Let w(f) = -2*f**2 - 158*f - 2819. Determine w(-28).
37
Let g(j) = 2*j**2 - 103*j - 4169. Calculate g(79).
176
Let x(p) = -p**2 - 65*p - 366. Calculate x(-6).
-12
Let k(f) = -8*f**2 + 268*f + 1679. What is k(41)?
-781
Let n(f) = -735*f + 100593. Determine n(137).
-102
Let g(r) = 3*r**3 + 185*r**2 + 27*r + 1623. Give g(-62).
-3895
Let k(n) = 2*n**3 - 16*n**2 - 157*n - 25. Give k(14).
129
Let y(u) = -197*u - 52536. Calculate y(-278).
2230
Let m(s) = -1028*s + 502973. Calculate m(489).
281
Let n(s) = 3*s**3 + 112*s**2 + 872*s - 342. Determine n(-26).
-30
Let k(v) = 1482*v - 546848. Give k(369).
10
Let s(o) = -336*o**2 - 961*o - 15. Calculate s(-3).
-156
Let q(w) = -57*w**2 - 646*w - 4533. Give q(-7).
-2804
Let i(q) = 638*q - 3166. What is i(5)?
24
Let q(x) = -195*x + 16575. What is q(85)?
0
Let w(q) = -5*q**2 + 201416*q - 201414. Calculate w(1).
-3
Let b(i) = -i**2 + 6569*i - 26280. Determine b(4).
-20
Let b(s) = -4*s**3 - 6*s**2 - 387*s - 781. Determine b(-2).
1
Let v(y) = -272*y + 45720. Determine v(168).
24
Let r(l) = -l**3 + 1912*l**2 - 71155*l - 106813. Determine r(1874).
5
Let r(s) = 2*s**3 - 38*s**2 - 110*s + 516. Calculate r(21).
-30
Let h(w) = w**3 - 19*w**2 - 237*w - 587. Determine h(-4).
-7
Let z(q) = -1250*q - 592494. Determine z(-474).
6
Let f(m) = 10493*m - 1012. Determine f(0).
-1012
Let q(f) = -f**3 + 87*f**2 - 1028*f - 152. Calculate q(73).
-590
Let g(y) = 229616*y + 22272745. Calculate g(-97).
-7
Let y(a) = 222053*a + 6661612. Give y(-30).
22
Let r(d) = -89*d**2 + 1417*d + 1638. Calculate r(17).
6
Let k(u) = -26*u**2 - 4890*u - 390. Calculate k(-188).
-14
Let j(y) = -10069*y - 332199. What is j(-33)?
78
Let s(i) = 2*i**2 - 4596*i + 13765. Determine s(3).
-5
Let f(t) = -12114*t + 2701415. Give f(223).
-7
Let s(z) = -497*z**2 - 5978*z - 48. What is s(-12)?
120
Let o(b) = 718*b + 154798. Give o(-216).
-290
Let r(v) = -8*v**3 - 7491*v**2 - 2741*v + 62705. Calculate r(-936).
-7
Let y(w) = 974*w + 29373. Calculate y(-30).
153
Let j(n) = 9*n**2 - 207*n + 678. What is j(19)?
-6
Let p(g) = 22*g**3 - 9*g**2 + g - 2. Determine p(2).
140
Let q(t) = 10213*t - 39948. What is q(4)?
904
Let q(k) = -6*k**3 + 776*k**2 - 6718*k - 230. Give q(120).
10
Let d(v) = v**3 + 58*v**2 + 260*v - 226. Give d(-53).
39
Let o(n) = 23*n**3 + 3*n**2 - 286*n + 829. What is o(3)?
619
Let h(k) = -k**2 + 2349*k - 181491. What is h(80)?
29
Let a(m) = -m**3 - 94*m**2 + 2700*m - 143. What is a(23)?
64
Let c(a) = -a**2 - 550*a - 60814. Determine c(-153).
-73
Let o(n) = 6*n + 447. Give o(-42).
195
Let q(k) = -2*k**3 - 63*k**2 - 552*k - 4619. Calculate q(-24).
-11
Let h(x) = 9*x**2 - 430*x - 1057. Give h(50).
-57
Let i(g) = -3*g**2 + 202*g - 2800. Determine i(13).
-681
Let a(x) = 29153*x + 29444529. What is a(-1010)?
-1
Let z(t) = -13*t**3 - 5*t**2 + 47*t + 52. Calculate z(-1).
13
Let o(b) = 2*b**3 + 2098*b**2 + 6264*b - 12547. Determine o(-1046).
5
Let s(l) = -56*l**2 - 81*l - 199. What is s(-5)?
-1194
Let l(d) = -89992*d - 719923. Calculate l(-8).
13
Let k(b) = b**3 - 66*b**2 + 942*b - 115. Give k(20).
325
Let m(b) = -619*b + 8853. What is m(14)?
187
Let q(r) = -r**2 - 3221*r - 124128. Determine q(-39).
-30
Let g(m) = 13644*m + 13781. Determine g(-1).
137
Let c(p) = 360*p - 3823. Determine c(15).
1577
Let j(c) = 13*c**2 + 244*c + 22. Give j(-16).
-554
Let h(c) = 5963*c + 1198557. Give h(-201).
-6
Let r(g) = -g**3 - 11*g**2 + 2614*g + 21048. Calculate r(-8).
-56
Let k(d) = 1438*d + 8890. What is k(-6)?
262
Let y(d) = d**3 + 251*d**2 + 326*d + 18992. Give y(-250).
-8
Let u(m) = -119*m**2 - 664*m - 244. What is u(-5)?
101
Let h(b) = -49445*b + 4944468. What is h(100)?
-32
Let g(s) = s**2 - 51*s - 28082. Calculate g(-144).
-2
Let s(z) = 89*z**2 - 19*z - 95. Determine s(3).
649
Let p(k) = 3*k**2 + 560*k - 176183. Give p(-353).
-36
Let s(g) = 3*g**3 - 293*g**2 + 2446*g - 218451. What is s(97)?
-7
Let f(g) = 2*g**3 + 11*g**2 - 47*g + 27. Determine f(-9).
-117
Let x(l) = -l**3 + 407*l**2 + 18359*l + 4375. What is x(448)?
343
Let a(o) = o**2 - 5370*o - 558149. Determine a(-102).
-5
Let q(u) = 6*u**3 + 4*u**2 + 13*u - 75. What is q(3)?
162
Let f(q) = -1016*q + 134010. Calculate f(132).
-102
Let m(y) = -y**2 + 836*y + 13603. Calculate m(-16).
-29
Let w(v) = 51*v**2 + 466*v + 66. What is w(-10)?
506
Let p(z) = 2*z**3 + 197*z**2 - 3271*z + 716. Determine p(-113).
38
Let i(m) = -m**3 + 3*m**2 + 1069*m - 3200. What is i(3)?
7
Let u(h) = -75*h**2 + 156*h + 6. Give u(3).
-201
Let n(s) = 7116*s - 79470. Determine n(11).
-1194
Let h(c) = -8*c**2 - 5853*c - 1039618. What is h(-428)?
-6
Let t(x) = -7*x**3 + 468*x**2 - 43*x + 7380. Calculate t(67).
10
Let y(v) = 521*v**2 - 344*v - 3. Give y(1).
174
Let v(c) = -c**3 + 37623*c**2 + 75241*c - 12. Calculate v(-2).
6
Let d(p) = -131374*p - 394127. Calculate d(-3).
-5
Let r(t) = t**3 + 126*t**2 + 1850*t - 372. Determine r(-109).
-45
Let u(n) = n**3 + 70*n**2 + 613*n - 984. What is u(-12)?
12
Let y(j) = 2*j**2 + 5624*j + 50443. Calculate y(-9).
-11
Let d(u) = 163*u**2 + 158*u - 465. Calculate d(3).
1476
Let r(v) = v**2 + 61*v + 466. Give r(-15).
-224
Let f(m) = 2*m**3 - 150*m**2 + 40*m - 2583. What is f(75)?
417
Let v(b) = -b**3 - 134*b**2 + 1625*b + 184008. Calculate v(-136).
0
Let l(r) = -5*r**2 - 395*r - 8308. Give l(-37).
-538
Let q(x) = -x**2 - 1861*x + 24601. Calculate q(13).
239
Let b(p) = -193958*p + 387909. Give b(2).
-7
Let a(m) = 19034685*m - 95173427. Calculate a(5).
-2
Let h(n) = n**3 - 121*n**2 + 2721*n - 57. Calculate h(30).
-327
Let n(z) = 2*z**2 + 6562*z + 149786. Calculate n(-23).
-82
Let m(d) = -6*d**2 - 2522*d - 50231. What is m(-21)?
85
Let p(c) = 7*c**3 + 15*c**2 - 332*c + 2900. Give p(8).
4788
Let l(z) = -5913*z - 11772. Determine l(-2).
54
Let j(b) = 20879*b + 104355. Calculate j(-5).
-40
Let r(t) = 4*t**3 - 45*t**2 - 1054*t + 11707. What is r(11)?
-8
Let o(h) = 39*h**2 - 178*h - 514. Determine o(-3).
371
Let c(j) = -926*j + 34244. Give c(37).
-18
Let j(n) = n**2 + 248*n - 6583. What is j(-272)?
-55
Let v(m) = 99*m + 17204. Determine v(-174).
-22
Let n(k) = -k**3 - k**2 + 350*k + 12. Determine n(16).
1260
Let j(t) = 6*t**2 - 49*t + 3. Give j(8).
-5
Let c(o) = -6*o**2 - 49*o - 13. Give c(10).
-1103
Let n(h) = -3*h**3 + 225*h**2 + 88*h - 5282. What is n(75)?
1318
Let d(m) = 151*m + 40088. Give d(-266).
-78
Let x(t) = 3858*t + 1951. Give x(-1).
-1907
Let j(n) = -4*n**3 + 409*n**2 + 2940*n + 472. Determine j(109).
145
Let t(n) = -3*n**3 + 49*n**2 - 107*n + 4911. Calculate t(19).
-10
Let t(g) = -g**2 + 102*g + 4769. Give t(-35).
-26
Let x(h) = 144*h**2 + 1515*h - 754. Calculate x(-11).
5
Let x(i) = -i**3 - 497*i**2 + 1228*i + 114789. Determine x(-499).
19
Let l(n) = -10*n**2 + 198*n + 6283. What is l(-17)?
27
Let z(n) = 39*n**3 + 4*n**2 - 552*n + 558. Give z(1).
49
Let v(i) = 78601*i - 1100400. What is v(14)?
14
Let h(u) = -u**2 - 29*u - 749. What is h(-26)?
-671
Let o(x) = -23586*x - 825447. Give o(-35).
63
Let i(v) = v**2 - 146*v - 2996. Determine i(-18).
-44
Let c(n) = -n**2 - 227*n - 12652. Calculate c(-101).
74
Let c(n) = -2*n**2 + 795*n + 1984. Calculate c(400).
-16
Let i(b)